Let v(a) = a**3 + 4*a**2 - 2*a + 4. Let y(p) = p**3 + 5*p**2 - 3*p + 3. Let u(q) = k*v(q) - 3*y(q). Determine u(0).
7
Let h(i) be the third derivative of -i**4/8 - i**3/6 - i**2. Let k = -705 + 704. Let v be k + -1 - (-65 + 65). Determine h(v).
5
Let d(n) = -10419*n**2 + 5*n - 14 + n**3 - 57*n + 10419*n**2 + 0. What is d(-7)?
7
Suppose -5 = -5*l, 4*y + 115 = l + 34. Let t = y + 28. Let i(m) = 4*m + 5 + 2*m - 7*m + 3. Determine i(t).
0
Let z(g) = -g**3 - 6*g**2 - 7*g + 7. Let j be z(-3). Let a(f) = -3*f**2 - 6*f**2 + 6*f**2 - j + 2*f**2. Calculate a(-2).
-5
Let a(l) be the second derivative of -9*l + 0*l**3 + 0 + 0*l**2 - 1/120*l**5 - 1/720*l**6 + 7/6*l**4. Let r(m) be the third derivative of a(m). What is r(-6)?
5
Let x(s) = 2*s**2 + 13*s**3 + 456 - 218 - 224 - 2*s. Let m(p) = -6*p**3 - p**2 + p - 6. Let u(z) = 7*m(z) + 3*x(z). Calculate u(-2).
18
Let j = -1280 + 1280. Let r(s) be the third derivative of -s**4/24 - 7*s**3/6 + 5*s**2. Calculate r(j).
-7
Let t(w) = -72*w - 496. Let g(x) = -x - 12. Let h(n) = g(n) + t(n). Give h(-7).
3
Let h(w) = -w**2 - 8*w - 8. Suppose 0 = 7*v + 9 - 44. Suppose v*k = 4*k + 2*z + 60, -3*z = -4*k + 220. Suppose -k = 8*t + 4. Calculate h(t).
-1
Let v(s) = -1 - 25*s + 11*s + 4 + 16*s - s**2. Let j = 14 - -2. Suppose 0 = a - 2*f + 4, -3*a = -0*f + f - j. Determine v(a).
-5
Let s(r) = -5*r**2 + 15*r - 25. Let l be s(2). Let p(z) = 2*z**2 + 32*z + 21. Determine p(l).
-9
Let b(p) = p**3 + 9*p**2 + 1. Let v be b(-9). Let w(k) = 19*k + 71. Let m(d) = d + 12. Let h(z) = -6*m(z) + w(z). Give h(v).
12
Let d(g) be the third derivative of -g**5/30 + g**4/8 - 2*g**3/3 + 1116*g**2. Give d(-4).
-48
Suppose 343*v - 50*v - 3395 = 1000. Let r(o) = o**2 - 19*o - 24. Determine r(v).
-84
Let u = -63 + 75. Suppose 0 = 5*p - p - 4*k + u, 2*p + 9 = 3*k. Let n(q) = q**2 - q + 5. Calculate n(p).
5
Let f be (-14)/(-4)*(-11 - 221913/(-63)). Let u(l) = 3*l**2 - 12291 - l**3 - 5*l**2 + f + l. Calculate u(-3).
5
Let z(n) = 10*n + 18. Let o(b) = 5*b + 8. Suppose -f - 14 + 8 = 0. Let c(i) = f*z(i) + 13*o(i). Calculate c(6).
26
Let d(s) be the second derivative of -s**5/20 - 13*s**4/12 - 23*s**3/6 + 19*s**2/2 - 5692*s. What is d(-11)?
30
Let j(n) = -n**3 + 6*n**2 + 6*n - 24. Suppose 0 = 15*m - 2*t - 119, -18*m + t + 21 = -16*m. What is j(m)?
-31
Let m(j) be the second derivative of -j**5/20 - j**4/6 + j**3/6 + 7*j**2/2 + 2049*j. What is m(2)?
-7
Let u(d) = -2*d**2 - 6*d - 5. Suppose 152 + 348 = 20*f. Suppose -35*i + f*i = 30. What is u(i)?
-5
Let o(g) be the second derivative of -g**3/3 - 21*g**2/2 - 2*g - 26. Let b = -163 - -153. Give o(b).
-1
Let w(c) = c**3 - 9*c**2 - c + 7. Let t(j) = 2*j**2 - 3*j + 5. Let o be t(3). Suppose 2*p = p - n + o, -3*n + 15 = 0. Calculate w(p).
-2
Let y(x) be the second derivative of -x**4/12 - 2*x**3 + 3*x**2/2 + 3653*x. What is y(-6)?
39
Let n = 16897 + -16887. Let c(f) = -f**2 + 25*f - 153. What is c(n)?
-3
Suppose -43 = -7*o + 55. Suppose o = -p + 2*g + 22, 6 = p - g. Let c(l) = l**2 - 4*l - 4. Calculate c(p).
-4
Let o be 0 - (-3)/(15/40). Let f(i) = -39*i - 5 + 14 + 1 - 43*i + 83*i. Determine f(o).
18
Let s = -5182 + 5177. Let v(f) be the first derivative of -f**2 - 6*f + 2. Give v(s).
4
Suppose j = 34 - 29. Let t(c) be the second derivative of c**5/20 - c**4/3 + 5*c**3/6 - 5*c**2/2 + 431*c - 1. Determine t(j).
45
Let x(s) be the first derivative of -s**5/15 - s**4/24 + 4*s**3/3 + 23. Let q(h) be the third derivative of x(h). Let m = 39 + -37. Calculate q(m).
-17
Suppose -c = -3*b - 6, -4*c + 2*b + 0 = -4. Let o(q) = -15230*q - 15230*q + 30458*q. Give o(c).
0
Suppose -33*t = -25*t + 40. Suppose 72 = 7*n - 33. Let l(g) = 6*g - 6 - n*g + 1 + 8*g. Calculate l(t).
0
Let r(d) = -d**3 + 8*d**2 + 6*d - 9. Let p(t) = -14*t - 48. Let a be p(-4). Give r(a).
39
Let s(i) = 2*i**3 + i**2 + i. Let v be (-2 + (-15)/(-10))*4/2. Let t(o) = -11*o**3 + o**2 - 10*o - 2. Let w(g) = v*t(g) - 5*s(g). Give w(5).
2
Suppose -17*j + 3*j - 87 = 53. Let o(b) = 6*b - 1. Give o(j).
-61
Suppose -3*r + 5*y = 262, -4*r + y - 503 = -182. Let m be (r + 76)*(1 + 4/(-6)). Let n(l) be the first derivative of -4*l**3/3 - l**2/2 - l + 1. Calculate n(m).
-4
Let w(i) be the third derivative of i**4/6 + 27*i**3 - 8*i**2 + i + 3. Calculate w(-44).
-14
Let q(v) = -8 + 24*v**2 + 8*v - 71*v**2 + 26*v**2 + 22*v**2 - 2 + 5. Let s(i) = i**2 + 7*i + 6. Let r be s(-4). Determine q(r).
-17
Let n(d) = 4*d**2 + 288*d - 177 + 192 - 5*d**2 - 286*d. What is n(0)?
15
Suppose 2*r + 44 = -2*k, -9 = -5*k + 11. Let f(x) = x**3 + 28*x**2 + 52*x - 3. What is f(r)?
-3
Suppose 73*r = 1312 - 71. Let a(c) = c**2 - 16*c - 7. Determine a(r).
10
Let c be 8 + 1 - 2/2. Let t be c/3*18/(-8). Let y(f) be the third derivative of -f**6/120 - 7*f**5/60 - f**4/4 - f**3/3 + 4*f**2 + 18*f + 26. Calculate y(t).
-2
Let a(f) be the first derivative of f**4/4 + f**3/3 - 17*f - 98. Let p(b) = -b - 6. Let z be p(-6). Determine a(z).
-17
Suppose 0 = -3*h + 6, -2*y - 2*y + 54 = -3*h. Let g(w) = 7*w + 9*w - w**2 + w - y*w. Give g(-4).
-24
Let c(f) be the third derivative of -f**4/8 - 2*f**3 + 79*f**2 - f. Calculate c(-8).
12
Let g(d) = -2*d**2 + 92*d - 324. Let x be g(42). Suppose 2*j + 16 = 6*j. Suppose -5*i = -2*b - 11, 0 = -3*i - j*b + 5 + x. Let w(r) = 2*r + 3. Give w(i).
9
Let p(m) = -m**3 - 31*m**2 - 116*m + 368. Let o be p(-26). Let i be 48/21 + 2/(-7). Let t(s) = 0 - 2 - s + s**3 - 2*s**3 + 4*s**i. Give t(o).
-6
Let b = -10294 + 10286. Let x(j) = 5*j + 49. Give x(b).
9
Let j(p) = -3*p - 3337 + 1654 + 3*p**2 - 4*p + 1686 + p**3. Determine j(-5).
-12
Let w(d) be the second derivative of d**5/20 + d**4/6 - 5*d**3/6 + d**2/2 - 244*d + 1. Let b(h) = h**3 + h**2. Let q be b(-2). Determine w(q).
-11
Suppose -6*o - 6*o + 36 = 0. Suppose 0 = o*q + 23 - 65. Suppose 3*i - l - 14 = 0, -2*i - l - 3*l + q = 0. Let p(y) = -y**3 + 5*y**2 + y + 3. Determine p(i).
8
Let m = 32966 + -32957. Let r(n) be the third derivative of -n**5/60 + 3*n**4/8 + 5*n**3/6 + n**2. Determine r(m).
5
Suppose 4*q + 13 = c, 4*c - 9 - 17 = 3*q. Let o(b) = b**3 + 2*b**2 - b - 6. Let d be o(q). Let x(f) = -2*f**2 - 6*f - 1. What is x(d)?
-9
Suppose 3*k + 180 = -3*l + 24, -83 = 2*k - 5*l. Let g = 43 + k. Let r(v) = 1 - 2*v**2 + 0*v**2 - 3*v + 3*v**2 - 2*v**2. Give r(g).
-17
Let k(c) = c**3 + 9*c**2 - 1. Suppose 51*v + 537 = 48*v. Let g = -188 - v. Give k(g).
-1
Let u(p) = p - 18. Suppose -7*a = -11*a - d - 837, -5*a - 4*d = 1049. Let n = a + 219. Determine u(n).
-8
Suppose 11*m - 8 = 3*m. Let x(i) = 14*i - 8. Determine x(m).
6
Suppose 5*q = 4*t - 394 + 2382, 2*q = 3*t + 798. Let d(i) = -11*i - q + 196 - i**2 + 212. Give d(-9).
30
Let l(s) = -10*s**2 - 1 - 170*s - 13*s**2 + 22*s**2 + 177*s. Let t = -13 + 18. Calculate l(t).
9
Let v(o) = o**2 - 78*o + 19*o + 14 + 17*o + 19*o + 17*o. Give v(5).
9
Suppose -10*v = -15*v + 10. Let n be (12 + -10)/(v/(-4)) - -4. Let l(j) = j - 6. Calculate l(n).
-6
Suppose f + 4 = 5*k, 5*f + 296*k = 292*k - 20. Let u(y) = 15*y - 5. Give u(f).
-65
Let o(b) be the first derivative of b**2/2 - 10*b + 1197. Determine o(-7).
-17
Let h(j) = 0 + 2*j - 8 - 4*j + 0*j. Calculate h(-3).
-2
Let c = -12861 + 12864. Let j(v) = -3*v**2 + 14*v - 14. Calculate j(c).
1
Let p(q) = q**3 + 8*q**2 + q - 18. Suppose 5*r + 3*l + 37 = 0, 0 = 2*r + 4*l + 11 + 1. What is p(r)?
-26
Let i = 1903 + -1907. Let q(h) = 2*h + 5. Give q(i).
-3
Let o(q) be the first derivative of -3*q**4 - 5*q**3/3 + 7*q**2/2 - 4*q + 13855. Determine o(2).
-106
Let q(r) = 2*r + 4. Let k be q(-3). Let n be 96/14 + k/(-14). Let t(h) = -7 - h**2 - 550*h + 1114*h - 557*h. Give t(n).
-7
Let i(l) be the third derivative of l**5/60 + l**4/8 + l**3 + 33*l**2. Let s be i(0). Let h(m) = 6*m + 4 - 2*m**3 + 1 + 5*m**2 + m**3. What is h(s)?
5
Suppose -11*o = 749 + 5147. Let f = -530 - o. Let k(n) = -n**2 + 4*n + 8. Give k(f).
-4
Suppose -48 = 3*q + 91*g - 94*g, q + 32 = -3*g. Let d(t) = t**3 + 19*t**2 - 18*t + 16. What is d(q)?
-24
Let p(u) = u**2 + 9*u - 100. Let y(s) = s**3 - 9*s**2 - 88*s + 452. Let a be y(13). Give p(a).
12
Let v(i) be the third derivative of i**7/1680 + i**6/240 + 13*i**5/30 + 24*i**2. Let a(g) be the third derivative of v(g). Calculate a(-7).
-18
Let z(i) be the second derivative of -i**4/12 - 19*i**3/6 - 7*i**2/2 + 16*i. Give z(-19).
-7
Suppose -